{"id":939,"date":"2026-03-10T21:45:58","date_gmt":"2026-03-11T00:45:58","guid":{"rendered":"https:\/\/jumpotone.com.br\/?post_type=product&#038;p=939"},"modified":"2026-03-17T21:40:37","modified_gmt":"2026-03-18T00:40:37","slug":"anilha-emborrachada-10kg","status":"publish","type":"product","link":"https:\/\/jumpotone.com.br\/?product=anilha-emborrachada-10kg","title":{"rendered":"ANILHA EMBORRACHADA 10kg"},"content":{"rendered":"<p>Anilha Emborrachada 10kg\u00a0 und<\/p>\n<p>Cor preto<\/p>\n<p>Furo padr\u00e3o<\/p>\n<p>A\u00e7o maci\u00e7o<\/p>\n","protected":false},"excerpt":{"rendered":"<p>Anilha Emborrachada 10kg\u00a0 und Cor preto Furo padr\u00e3o A\u00e7o maci\u00e7o<\/p>\n","protected":false},"featured_media":0,"comment_status":"open","ping_status":"closed","template":"","meta":[],"product_brand":[],"product_cat":[32],"product_tag":[],"class_list":{"0":"post-939","1":"product","2":"type-product","3":"status-publish","5":"product_cat-musculacao","7":"first","8":"instock","9":"shipping-taxable","10":"purchasable","11":"product-type-simple"},"jetpack_sharing_enabled":true,"_links":{"self":[{"href":"https:\/\/jumpotone.com.br\/index.php?rest_route=\/wp\/v2\/product\/939","targetHints":{"allow":["GET"]}}],"collection":[{"href":"https:\/\/jumpotone.com.br\/index.php?rest_route=\/wp\/v2\/product"}],"about":[{"href":"https:\/\/jumpotone.com.br\/index.php?rest_route=\/wp\/v2\/types\/product"}],"replies":[{"embeddable":true,"href":"https:\/\/jumpotone.com.br\/index.php?rest_route=%2Fwp%2Fv2%2Fcomments&post=939"}],"wp:attachment":[{"href":"https:\/\/jumpotone.com.br\/index.php?rest_route=%2Fwp%2Fv2%2Fmedia&parent=939"}],"wp:term":[{"taxonomy":"product_brand","embeddable":true,"href":"https:\/\/jumpotone.com.br\/index.php?rest_route=%2Fwp%2Fv2%2Fproduct_brand&post=939"},{"taxonomy":"product_cat","embeddable":true,"href":"https:\/\/jumpotone.com.br\/index.php?rest_route=%2Fwp%2Fv2%2Fproduct_cat&post=939"},{"taxonomy":"product_tag","embeddable":true,"href":"https:\/\/jumpotone.com.br\/index.php?rest_route=%2Fwp%2Fv2%2Fproduct_tag&post=939"}],"curies":[{"name":"wp","href":"https:\/\/api.w.org\/{rel}","templated":true}]}}